{"id":6236,"date":"2015-06-15T10:40:16","date_gmt":"2015-06-15T08:40:16","guid":{"rendered":"http:\/\/www.my-orchidee.de\/de\/?page_id=6236"},"modified":"2016-10-13T13:12:03","modified_gmt":"2016-10-13T11:12:03","slug":"kinderkosmetik-in-erding","status":"publish","type":"page","link":"https:\/\/www.my-orchidee.de\/de\/kinderkosmetik-in-erding\/","title":{"rendered":"Kinderkosmetik"},"content":{"rendered":"<div class='fullwidth-section  ' >  <div class=\"fullwidth-bg\">\t<div class=\"container\"><div  class='column dt-sc-one-third  first'><p class=\"dt-sc-contact-info\"><i class='fa fa-phone'><\/i>Telefon : <span>+49 8122 99 99 004<\/span><\/p><\/div><div  class='column dt-sc-one-third  '><p class=\"dt-sc-contact-info\"><i  class='fa fa-mobile-phone'><\/i>Mobile : <span>+49 170 562 35 71<\/span><\/p><\/div><div  class='column dt-sc-one-third  '><p class=\"dt-sc-contact-info\"><i class='fa fa-envelope'><\/i>Email : <a href='mailto:elisabeth.cronauer@my-orchidee.de'>elisabeth.cronauer@my-orchidee.de<\/a><\/p><\/div>\t<\/div>  <\/div><\/div><div class='fullwidth-section  ' >  <div class=\"fullwidth-bg\">\t<div class=\"container\"><div  class='column dt-sc-three-fourth  first'><\/div><div class='fullwidth-section  ' >  <div class=\"fullwidth-bg\">\t<div class=\"container\">\t<\/div>  <\/div><\/div><div class='border-title '>\n\t\t\t\t  <h3>Kinderkosmetik<\/h3>\n\t\t\t\t  <div class='ico-border'> <i class='ico-bg flower'><\/i> <\/div>\n\t\t\t\t  <span class='tag-line'>Pflege f\u00fcr junge Haut<\/span>\n\t\t\t\t<\/div>\t<\/div>  <\/div><\/div>\n<p><a href=\"http:\/\/www.my-orchidee.de\/de\/wp-content\/uploads\/2014\/05\/Model-Beauty-Girl-38.jpg\" rel=\"attachment wp-att-6226\"><img loading=\"lazy\" decoding=\"async\" width=\"300\" height=\"188\" class=\"size-medium wp-image-6226 alignleft\" alt=\"tolle tipps f\u00fcr sch\u00f6ne haut\" src=\"http:\/\/www.my-orchidee.de\/de\/wp-content\/uploads\/2014\/05\/Model-Beauty-Girl-38-300x188.jpg\"><\/a>Die Kinderhaut ist heut zu Tage oft schon vielen verschiedenen \u00e4u\u00dferen und inneren Einfl\u00fcssen ausgesetzt. Ob im Winter die trockene Heizungsluft die Haut strapaziert oder im Sommer der richtige Sonnenschutz gefragt ist. Man&nbsp;m\u00f6chte das Richtige verwenden um die junge Haut zu sch\u00fctzen aber auch nicht zu \u00fcberfordern.<\/p>\n<p>Vor allem die Pubert\u00e4t wirkt sich oft auf die Haut aus, in dem es den&nbsp;Hormonhaushalt ver\u00e4ndert und dadurch&nbsp;Unreinheiten sprie\u00dfen l\u00e4sst. In dieser Zeit greift der Jugendliche gern zu radikalen &#8222;Mitteln&#8220;&nbsp;die nicht selten den Anfang machen die Haut ganz aus dem nat\u00fcrlichen Gleichgewicht zu bringen.<\/p>\n<p>In jedem Alter die richtige Pflege anzuwenden ist unerl\u00e4sslich um ein gesunde, sch\u00f6ne und widerstandsf\u00e4hige Haut zu erlangen.<\/p>\n<p>Wir bieten kind-, und jugendgerechte Termine an, in denen das Hautbild genau analysiert wird und eine individuelle Behandlung und Beratung folgt<\/p>\n<p><strong>Dauer und Preis<\/strong> 30 Min.&nbsp; 32,- \u20ac (Grundbehandlung)<\/p>\n<p>je nach Bedarf k\u00f6nnen zus\u00e4tzliche Leistungen vereinbart werden<\/p>\n<h3>Preise und Leistungen<\/h3>\n<table width=\"400\" style=\"height: 367px;\">\n<tbody>\n<tr>\n<td>Ausreinigung<\/td>\n<td width=\"20\">&nbsp;<\/td>\n<td>15,00 Euro<\/td>\n<\/tr>\n<tr>\n<td>Stabilisierung ger\u00f6teter trockener&nbsp;Haut<\/td>\n<td width=\"20\">&nbsp;<\/td>\n<td>12,00 Euro<\/td>\n<\/tr>\n<tr>\n<td>&nbsp;Narben Behandlung<\/td>\n<td width=\"20\">&nbsp;<\/td>\n<td>35,00 Euro<\/td>\n<\/tr>\n<tr>\n<td>&nbsp;Augenbrauenkorrektur kindgerecht<\/td>\n<td width=\"20\">&nbsp;<\/td>\n<td>&nbsp;8,00 Euro<\/td>\n<\/tr>\n<tr>\n<td>&nbsp;<\/td>\n<td width=\"20\">&nbsp;<\/td>\n<td>&nbsp;<\/tbody>\n<\/table>\n","protected":false},"excerpt":{"rendered":"<p>Die Kinderhaut ist heut zu Tage oft schon vielen verschiedenen \u00e4u\u00dferen und inneren Einfl\u00fcssen ausgesetzt. Ob im Winter die trockene Heizungsluft die Haut strapaziert oder im Sommer der richtige Sonnenschutz gefragt ist. Man&nbsp;m\u00f6chte das Richtige verwenden um die junge Haut zu sch\u00fctzen aber auch nicht zu \u00fcberfordern. Vor allem die Pubert\u00e4t wirkt sich oft auf [&hellip;]<\/p>\n","protected":false},"author":3,"featured_media":0,"parent":0,"menu_order":0,"comment_status":"open","ping_status":"open","template":"","meta":{"footnotes":""},"class_list":["post-6236","page","type-page","status-publish","hentry"],"_links":{"self":[{"href":"https:\/\/www.my-orchidee.de\/de\/wp-json\/wp\/v2\/pages\/6236","targetHints":{"allow":["GET"]}}],"collection":[{"href":"https:\/\/www.my-orchidee.de\/de\/wp-json\/wp\/v2\/pages"}],"about":[{"href":"https:\/\/www.my-orchidee.de\/de\/wp-json\/wp\/v2\/types\/page"}],"author":[{"embeddable":true,"href":"https:\/\/www.my-orchidee.de\/de\/wp-json\/wp\/v2\/users\/3"}],"replies":[{"embeddable":true,"href":"https:\/\/www.my-orchidee.de\/de\/wp-json\/wp\/v2\/comments?post=6236"}],"version-history":[{"count":0,"href":"https:\/\/www.my-orchidee.de\/de\/wp-json\/wp\/v2\/pages\/6236\/revisions"}],"wp:attachment":[{"href":"https:\/\/www.my-orchidee.de\/de\/wp-json\/wp\/v2\/media?parent=6236"}],"curies":[{"name":"wp","href":"https:\/\/api.w.org\/{rel}","templated":true}]}}

<div class='fullwidth-section  ' >  <div class="fullwidth-bg">	<div class="container"><div  class='column dt-sc-one-third  first'><p class="dt-sc-contact-info"><i class='fa fa-phone'></i>Telefon : <span>+49 8122 99 99 004</span></p></div><div  class='column dt-sc-one-third  '><p class="dt-sc-contact-info"><i  class='fa fa-mobile-phone'></i>Mobile : <span>+49 170 562 35 71</span></p></div><div  class='column dt-sc-one-third  '><p class="dt-sc-contact-info"><i class='fa fa-envelope'></i>Email : <a href='mailto:elisabeth.cronauer@my-orchidee.de'>elisabeth.cronauer@my-orchidee.de</a></p></div>	</div>  </div></div><div class='fullwidth-section  ' >  <div class="fullwidth-bg">	<div class="container"><div  class='column dt-sc-three-fourth  first'></div><div class='fullwidth-section  ' >  <div class="fullwidth-bg">	<div class="container">	</div>  </div></div><div class='border-title '>
				  <h3>Kinderkosmetik</h3>
				  <div class='ico-border'> <i class='ico-bg flower'></i> </div>
				  <span class='tag-line'>Pflege für junge Haut</span>
				</div>	</div>  </div></div>
<p><a href="http://www.my-orchidee.de/de/wp-content/uploads/2014/05/Model-Beauty-Girl-38.jpg" rel="attachment wp-att-6226"><img loading="lazy" decoding="async" width="300" height="188" class="size-medium wp-image-6226 alignleft" alt="tolle tipps für schöne haut" src="http://www.my-orchidee.de/de/wp-content/uploads/2014/05/Model-Beauty-Girl-38-300x188.jpg"></a>Die Kinderhaut ist heut zu Tage oft schon vielen verschiedenen äußeren und inneren Einflüssen ausgesetzt. Ob im Winter die trockene Heizungsluft die Haut strapaziert oder im Sommer der richtige Sonnenschutz gefragt ist. Man&nbsp;möchte das Richtige verwenden um die junge Haut zu schützen aber auch nicht zu überfordern.</p>
<p>Vor allem die Pubertät wirkt sich oft auf die Haut aus, in dem es den&nbsp;Hormonhaushalt verändert und dadurch&nbsp;Unreinheiten sprießen lässt. In dieser Zeit greift der Jugendliche gern zu radikalen &#8222;Mitteln&#8220;&nbsp;die nicht selten den Anfang machen die Haut ganz aus dem natürlichen Gleichgewicht zu bringen.</p>
<p>In jedem Alter die richtige Pflege anzuwenden ist unerlässlich um ein gesunde, schöne und widerstandsfähige Haut zu erlangen.</p>
<p>Wir bieten kind-, und jugendgerechte Termine an, in denen das Hautbild genau analysiert wird und eine individuelle Behandlung und Beratung folgt</p>
<p><strong>Dauer und Preis</strong> 30 Min.&nbsp; 32,- € (Grundbehandlung)</p>
<p>je nach Bedarf können zusätzliche Leistungen vereinbart werden</p>
<h3>Preise und Leistungen</h3>
<table width="400" style="height: 367px;">
<tbody>
<tr>
<td>Ausreinigung</td>
<td width="20">&nbsp;</td>
<td>15,00 Euro</td>
</tr>
<tr>
<td>Stabilisierung geröteter trockener&nbsp;Haut</td>
<td width="20">&nbsp;</td>
<td>12,00 Euro</td>
</tr>
<tr>
<td>&nbsp;Narben Behandlung</td>
<td width="20">&nbsp;</td>
<td>35,00 Euro</td>
</tr>
<tr>
<td>&nbsp;Augenbrauenkorrektur kindgerecht</td>
<td width="20">&nbsp;</td>
<td>&nbsp;8,00 Euro</td>
</tr>
<tr>
<td>&nbsp;</td>
<td width="20">&nbsp;</td>
<td>&nbsp;</tbody>
</table>

<p>Die Kinderhaut ist heut zu Tage oft schon vielen verschiedenen äußeren und inneren Einflüssen ausgesetzt. Ob im Winter die trockene Heizungsluft die Haut strapaziert oder im Sommer der richtige Sonnenschutz gefragt ist. Man&nbsp;möchte das Richtige verwenden um die junge Haut zu schützen aber auch nicht zu überfordern. Vor allem die Pubertät wirkt sich oft auf [&hellip;]</p>
