{"id":8200,"date":"2023-02-02T08:56:36","date_gmt":"2023-02-02T07:56:36","guid":{"rendered":"https:\/\/www.my-orchidee.de\/de\/?page_id=8200"},"modified":"2023-02-02T09:05:20","modified_gmt":"2023-02-02T08:05:20","slug":"dr-belter-2","status":"publish","type":"page","link":"https:\/\/www.my-orchidee.de\/de\/dr-belter-2\/","title":{"rendered":"Dr. Belter"},"content":{"rendered":"<div class='fullwidth-section  ' >  <div class=\"fullwidth-bg\">\t<div class=\"container\"><div  class='column dt-sc-one-third  first'><p class=\"dt-sc-contact-info\"><i class='fa fa-phone'><\/i>Telefon : <span>+49 8122 99 99 004<\/span><\/p><\/div><div  class='column dt-sc-one-third  '><p class=\"dt-sc-contact-info\"><i  class='fa fa-mobile-phone'><\/i>Mobile : <span>+49 170 562 35 71<\/span><\/p><\/div><div  class='column dt-sc-one-third  '><p class=\"dt-sc-contact-info\"><i class='fa fa-envelope'><\/i>Email : <a href='mailto:elisabeth.cronauer@my-orchidee.de'>elisabeth.cronauer@my-orchidee.de<\/a><\/p><\/div>\t<\/div>  <\/div><\/div><div class='border-title '>\n\t\t\t\t  <h1>Dr. Belter<\/h1>\n\t\t\t\t  <div class='ico-border'> <i class='ico-bg flower'><\/i> <\/div>\n\t\t\t\t  <span class='tag-line'>Green Tec Concept<\/span>\n\t\t\t\t<\/div><div class='fullwidth-section  ' >  <div class=\"fullwidth-bg\">\t<div class=\"container\">\t<\/div>  <\/div><\/div>\n<div class='fullwidth-section  ' >  <div class=\"fullwidth-bg\">\t<div class=\"container\">\t<\/div>  <\/div><\/div>Unsere Haut ist so kostbar und individuell wie unsere Pers\u00f6nlichkeit.<\/b><br \/>\nF\u00fcr die Erhaltung ihrer Gesundheit, ihres Wohlbefindens und ihrer Sch\u00f6nheit ben\u00f6tigt sie regelm\u00e4\u00dfige, hochwertige und individuelle Pflege.<\/b><\/b><\/p>\n<p>Das Dr. Belter Professional Care Concept erf\u00fcllt diese Anspr\u00fcche umfassend. Seit 40 Jahren setzt sich das Familienunternehmen daf\u00fcr ein,<br \/>\nHochleistungspr\u00e4parate herzustellen, die f\u00fcr die Qualit\u00e4t und Naturliebe stehen und das G\u00fctesiegel \u201eMade in Germany\u201c in jeder Hinsicht best\u00e4tigen.<br \/>\nZiel ist es, dem Kunden Pr\u00e4parate und Behandlungen mit sichtbarer Pflegewirkung und sehr guter Hautvertr\u00e4glichkeit zur Verf\u00fcgung zu stellen.<\/b><\/b><\/p>\n<p>Leitbild des Hauses ist das Green Tec Concept. Hierbei werden naturheilkundliche Pflanzenausz\u00fcge, aus kontrollier biologischen Anbau, mit<br \/>\nhochinnovativen, promedical Wirkstoffen kombiniert, um ideale Pflegeergebnisse zu erzielen. S\u00e4mtliche Pflegeprodukte bestehen zu 95-100% aus<br \/>\nInhaltsstoffen nat\u00fcrlichen Ursprungs und sind frei von Mineral- und Silikon\u00f6len, sowie Parabenen. Hochreine, hautidentische Inhaltsstoffe und kostbare<br \/>\nNatur\u00f6le sichern ein angenehmes Hautgef\u00fchl und die ausgezeichnete Hautfreundlichkeit.<div class='dt-sc-hr-invisible-small  '><\/div>\n<a href=\"http:\/\/www.my-orchidee.de\/de\/permanent-make-up\/pr_risoftmicrolining_cronauer_2\/\" rel=\"attachment wp-att-7496\"><img decoding=\"async\" src=\"https:\/\/www.my-orchidee.de\/de\/wp-content\/uploads\/2023\/02\/ramonafotografie_2022-09-22_LisaCronauer-12-scaled.jpg\"  \/><\/a>\n","protected":false},"excerpt":{"rendered":"<p>Unsere Haut ist so kostbar und individuell wie unsere Pers\u00f6nlichkeit. F\u00fcr die Erhaltung ihrer Gesundheit, ihres Wohlbefindens und ihrer Sch\u00f6nheit ben\u00f6tigt sie regelm\u00e4\u00dfige, hochwertige und individuelle Pflege. Das Dr. Belter Professional Care Concept erf\u00fcllt diese Anspr\u00fcche umfassend. Seit 40 Jahren setzt sich das Familienunternehmen daf\u00fcr ein, Hochleistungspr\u00e4parate herzustellen, die f\u00fcr die Qualit\u00e4t und Naturliebe stehen [&hellip;]<\/p>\n","protected":false},"author":4,"featured_media":0,"parent":0,"menu_order":0,"comment_status":"closed","ping_status":"closed","template":"tpl-home.php","meta":{"footnotes":""},"class_list":["post-8200","page","type-page","status-publish","hentry"],"_links":{"self":[{"href":"https:\/\/www.my-orchidee.de\/de\/wp-json\/wp\/v2\/pages\/8200","targetHints":{"allow":["GET"]}}],"collection":[{"href":"https:\/\/www.my-orchidee.de\/de\/wp-json\/wp\/v2\/pages"}],"about":[{"href":"https:\/\/www.my-orchidee.de\/de\/wp-json\/wp\/v2\/types\/page"}],"author":[{"embeddable":true,"href":"https:\/\/www.my-orchidee.de\/de\/wp-json\/wp\/v2\/users\/4"}],"replies":[{"embeddable":true,"href":"https:\/\/www.my-orchidee.de\/de\/wp-json\/wp\/v2\/comments?post=8200"}],"version-history":[{"count":0,"href":"https:\/\/www.my-orchidee.de\/de\/wp-json\/wp\/v2\/pages\/8200\/revisions"}],"wp:attachment":[{"href":"https:\/\/www.my-orchidee.de\/de\/wp-json\/wp\/v2\/media?parent=8200"}],"curies":[{"name":"wp","href":"https:\/\/api.w.org\/{rel}","templated":true}]}}

<div class='fullwidth-section  ' >  <div class="fullwidth-bg">	<div class="container"><div  class='column dt-sc-one-third  first'><p class="dt-sc-contact-info"><i class='fa fa-phone'></i>Telefon : <span>+49 8122 99 99 004</span></p></div><div  class='column dt-sc-one-third  '><p class="dt-sc-contact-info"><i  class='fa fa-mobile-phone'></i>Mobile : <span>+49 170 562 35 71</span></p></div><div  class='column dt-sc-one-third  '><p class="dt-sc-contact-info"><i class='fa fa-envelope'></i>Email : <a href='mailto:elisabeth.cronauer@my-orchidee.de'>elisabeth.cronauer@my-orchidee.de</a></p></div>	</div>  </div></div><div class='border-title '>
				  <h1>Dr. Belter</h1>
				  <div class='ico-border'> <i class='ico-bg flower'></i> </div>
				  <span class='tag-line'>Green Tec Concept</span>
				</div><div class='fullwidth-section  ' >  <div class="fullwidth-bg">	<div class="container">	</div>  </div></div>
<div class='fullwidth-section  ' >  <div class="fullwidth-bg">	<div class="container">	</div>  </div></div>Unsere Haut ist so kostbar und individuell wie unsere Persönlichkeit.</b><br />
Für die Erhaltung ihrer Gesundheit, ihres Wohlbefindens und ihrer Schönheit benötigt sie regelmäßige, hochwertige und individuelle Pflege.</b></b></p>
<p>Das Dr. Belter Professional Care Concept erfüllt diese Ansprüche umfassend. Seit 40 Jahren setzt sich das Familienunternehmen dafür ein,<br />
Hochleistungspräparate herzustellen, die für die Qualität und Naturliebe stehen und das Gütesiegel „Made in Germany“ in jeder Hinsicht bestätigen.<br />
Ziel ist es, dem Kunden Präparate und Behandlungen mit sichtbarer Pflegewirkung und sehr guter Hautverträglichkeit zur Verfügung zu stellen.</b></b></p>
<p>Leitbild des Hauses ist das Green Tec Concept. Hierbei werden naturheilkundliche Pflanzenauszüge, aus kontrollier biologischen Anbau, mit<br />
hochinnovativen, promedical Wirkstoffen kombiniert, um ideale Pflegeergebnisse zu erzielen. Sämtliche Pflegeprodukte bestehen zu 95-100% aus<br />
Inhaltsstoffen natürlichen Ursprungs und sind frei von Mineral- und Silikonölen, sowie Parabenen. Hochreine, hautidentische Inhaltsstoffe und kostbare<br />
Naturöle sichern ein angenehmes Hautgefühl und die ausgezeichnete Hautfreundlichkeit.<div class='dt-sc-hr-invisible-small  '></div>
<a href="http://www.my-orchidee.de/de/permanent-make-up/pr_risoftmicrolining_cronauer_2/" rel="attachment wp-att-7496"><img decoding="async" src="https://www.my-orchidee.de/de/wp-content/uploads/2023/02/ramonafotografie_2022-09-22_LisaCronauer-12-scaled.jpg"  /></a>

<p>Unsere Haut ist so kostbar und individuell wie unsere Persönlichkeit. Für die Erhaltung ihrer Gesundheit, ihres Wohlbefindens und ihrer Schönheit benötigt sie regelmäßige, hochwertige und individuelle Pflege. Das Dr. Belter Professional Care Concept erfüllt diese Ansprüche umfassend. Seit 40 Jahren setzt sich das Familienunternehmen dafür ein, Hochleistungspräparate herzustellen, die für die Qualität und Naturliebe stehen [&hellip;]</p>
